5 = -4*f - 123. Let a be 3 + -3 + -3 - f. Suppose -a = r - 5*r. What is the units digit of r?
1
Suppose -87 = -4*v + 53. What is the tens digit of v?
3
Let c = 9 + -3. Let a(h) = h**2 + h - 2. Let q be a(0). Let w = c - q. What is the units digit of w?
8
Suppose 19 = 2*h - 137. What is the units digit of h?
8
Suppose 3*y + 2*u = u + 16, y = 5*u + 16. Suppose 4*j + y = 6*j. What is the units digit of j?
3
Let y = -82 - -104. What is the units digit of y?
2
Let z(a) = 4*a**2 + 2*a - 2. Let n be z(-2). Let h(t) = -t**2 + 12*t + 14. Let p be h(n). Suppose 4*g - p = -2*o, -2*g - 1 + 7 = 0. What is the tens digit of o?
1
Suppose -7*b + 10*b - 6 = 0. Let g = 8 - b. What is the units digit of g?
6
Suppose 9*l = 4*l + 215. What is the tens digit of l?
4
Let s(r) = -4*r. Suppose 0*k - k = -4. Let f be s(k). Let p = 22 + f. What is the units digit of p?
6
Let f(i) = i**3 - i**2 - 5*i + 2. Let w be f(3). Let k = 1 + -1. Suppose w = s - k. What is the units digit of s?
5
Suppose 0 = 4*u + 2*y - 582, -4*u - 4*y + 434 = -u. What is the units digit of u?
6
What is the units digit of (-1)/(((-12)/(-8))/(-3))?
2
Suppose 10 = 3*r - 2. Suppose 0 = i - 2*i - 3*f + 23, -4*i + 28 = -r*f. What is the tens digit of i?
1
Let l = -26 + 43. Suppose 12 = 5*c - 43. Let x = l - c. What is the units digit of x?
6
Suppose 10 = 2*w + 30. Let h be w/8 - (-3)/12. What is the units digit of (-1 + h)/(10/(-45))?
9
Let z be 144/(-10) + (-6)/(-15). Let v = 20 + z. What is the units digit of 390/40 - v/8?
9
Suppose 15*s - 523 - 317 = 0. What is the units digit of s?
6
Suppose -3*z + 0*z + 231 = 0. Suppose -2*r + 0*r + a - 52 = 0, 3*r - a + z = 0. Let k = -13 - r. What is the units digit of k?
2
Let v(o) = 3*o**2 - 26*o + 17. What is the hundreds digit of v(12)?
1
Suppose 0 = -5*c + 19 + 1036. What is the hundreds digit of c?
2
Let m(b) = -b + 1. Let v be m(-3). Suppose -77 = -4*u - 5*h, u - 2*h - 12 = v. What is the tens digit of u?
1
Let j(s) = -19*s + 10. Let c be j(-5). What is the tens digit of (-1)/(3/(c*-1))?
3
Let d(f) = -3 - 4*f**2 - 5*f**3 + f - 2*f + 4*f**3. Suppose -4 = 3*t - 2*t. What is the units digit of d(t)?
1
Let y(m) = -5. Let v(a) = a + 11. Let b(q) = 2*v(q) + 5*y(q). Suppose 0 = -2*c + 8 + 4. What is the units digit of b(c)?
9
Suppose -3*s + 5*s = -f + 203, 2*s - 5*f - 221 = 0. What is the tens digit of s?
0
What is the tens digit of (-3)/7 - 1240/(-35)?
3
Let b(x) be the second derivative of -x**5/20 - 7*x**4/12 + x**3/3 - 5*x**2 - 8*x. What is the units digit of b(-8)?
8
Suppose 6*b - 3*b + 258 = 3*y, -3*y + 237 = 4*b. What is the tens digit of y?
8
What is the tens digit of (5/1)/(4/8)?
1
Let w = -21 + 29. What is the units digit of 1*(w/2 + -3)?
1
Let a(s) = 3*s**3 - 11*s**2 + s + 1. What is the units digit of a(4)?
1
Let q be (-3 - -3) + 4*2. Suppose -4*o + q + 0 = 0. Suppose -10 = -4*k + o*k. What is the units digit of k?
5
Let u be (4/(-5))/((-2)/5). Let f be 12*(u - 6/4). Let g(q) = q**3 - 7*q**2 + 7*q + 6. What is the units digit of g(f)?
2
What is the tens digit of 1071/28 + 3/4?
3
Let k(t) = 6*t - 5 - t**3 + 4*t**2 - t + 0. Let u be k(5). What is the tens digit of 5/(u/(-24)) + -2?
2
Suppose 0*i + 135 = 3*i. What is the units digit of i?
5
Let q(g) = 9*g + 8. What is the units digit of q(7)?
1
Suppose 0 = 15*j - 20*j + 1040. What is the units digit of j?
8
Suppose -2*y - 2*y = -8. Suppose -10 = -y*u + u. What is the units digit of u?
0
Suppose 0*t = t - 41. What is the tens digit of t?
4
What is the units digit of (12 - 0)/(51/10 + -5)?
0
Suppose 0 = 3*q - 17 - 274. What is the units digit of q?
7
Let g(o) = -o**2 + 11*o - 11. What is the units digit of g(8)?
3
Let g(i) = 3*i + 1. Let y be g(-1). Let n(l) = l**3 + l**2 - 3*l - 3. Let c be n(y). Let z = 16 - c. What is the units digit of z?
7
Suppose 2*z - 3*i - 21 = 0, -4*z - 5*i + 6*i = -17. Suppose z*c - 95 - 22 = 0. Suppose c = -t + 4*t. What is the tens digit of t?
1
Let h(s) = s**3 - 6*s**2 + 6*s - 2. What is the tens digit of h(7)?
8
Suppose 2*z + l + 2*l = 314, 5*l - 150 = -z. Suppose -2*u + z = 3*u. Suppose 4*v + 0*v - u = 0. What is the units digit of v?
8
Let i(c) = 2*c - 1. Let m(u) = 5*u - 4. Let o(k) = -i(k) + m(k). Suppose 5*z = 2*z + 6. What is the units digit of o(z)?
3
Suppose 5*t - 112 - 43 = 0. Let d = t + -8. What is the units digit of d?
3
Let f = -4 - 2. Let w(p) = -p**2 - 7*p - 4. What is the units digit of w(f)?
2
What is the hundreds digit of (-1048)/(-6) - ((-38)/6 - -6)?
1
Let p = 10 - -37. Suppose 4*q + 12 = -5*n + p, -3*n = q - 28. What is the units digit of n?
1
Let f be 63 + 1 + 2 + -2. Let a = -41 + f. What is the tens digit of a?
2
Suppose -5*t - 5*g + 156 - 31 = 0, 48 = 2*t + 3*g. What is the units digit of t?
7
Let v(d) = 2*d - 2. Let n be v(3). Suppose -2*m + 6*m + 60 = 4*i, 0 = n*i + 4*m - 28. What is the units digit of i?
1
Suppose -4*i + 34 + 6 = 0. What is the units digit of i?
0
Suppose 44 = 2*u + 16. What is the units digit of 109/3 + u/21?
7
Let m(p) be the second derivative of p**6/45 - p**5/120 + p**4/3 + 4*p. Let q(s) be the third derivative of m(s). What is the units digit of q(1)?
5
Let i(w) = -w**3 + 7*w**2 + 7*w + 9. Let a be i(8). What is the units digit of a + 0 + (-30)/(-3)?
1
Let s = 5 - -48. What is the tens digit of s?
5
Let q = 46 - 6. What is the units digit of q?
0
Let j be 4/4*(-2 + 2). Suppose -22 = -c - j*c. What is the units digit of c?
2
Suppose 5*h = 188 + 542. What is the tens digit of h?
4
Let h = 13 - 8. Suppose 12 = h*v - 8. What is the units digit of v?
4
Suppose l + 5*y = 23, -5*l - 12 - 18 = -4*y. What is the units digit of (10*l/4)/(-1)?
5
Suppose -2*t + q - 27 = 0, 2*t + 2*q = -0*t - 36. What is the units digit of ((-1)/3)/(5/t)?
1
Suppose 2*j + 8 = 4*j. Suppose j*o - 22 = -3*x, -10 = -5*o + 10. What is the units digit of x?
2
Let j = -17 - -45. What is the units digit of j?
8
Let h(z) = 3*z**2 - z**3 - 3*z + 1 - 2*z**2 + 4*z. What is the units digit of h(-1)?
2
Let l(u) = -6*u - 1. Let j be l(-1). Let i be (4 + -1)/(-3)*j. Let f(w) = -2*w - 4. What is the units digit of f(i)?
6
Let u be 6/(-9) + 16/6. Let b be u + -1 + 1 - -2. Suppose 3*c + 5 = -j, -4*j + 12 + 16 = -b*c. What is the units digit of j?
4
What is the tens digit of (-39 - 4)/(-1 + 0)?
4
Let o = -20 - -21. What is the units digit of 2 - (-3 - (o + -3))?
3
Let z = -241 + 683. What is the hundreds digit of z?
4
Let u be 0*((-3)/6 - -1). Suppose 0 = 5*k - u*k - 170. What is the units digit of k?
4
Suppose 4*m - 9 = -1. What is the units digit of m?
2
Let g be 3/12 - 35/(-4). What is the units digit of 0 + 1 + g - 0?
0
Let b = 10 - 5. Suppose -2*g - 5*s + 45 = 0, -b*s - 18 = -g - 3*s. What is the tens digit of g?
2
Suppose 5*o - 1334 = 266. What is the units digit of o?
0
Let r(u) = 7*u**3 + u**2 - 7*u + 4. What is the hundreds digit of r(3)?
1
Let q(t) = t**3 - 6*t**2 + 3*t + 5. What is the units digit of q(7)?
5
Let k(m) = m**2 + 3*m + 1. Let y be k(-2). What is the units digit of (128/y)/(-4) + -3?
9
Suppose -5*a = -0*a - 25. Suppose -3*r + 9 = -0*r. Suppose -r*l - 1 = -u - a, -4*l = -5*u - 9. What is the units digit of l?
1
Suppose -5*k + 332 = -358. What is the units digit of k?
8
Suppose -2*z + 4 = -6. Suppose -z*l + 5*r + 65 = 0, 4*r + 20 + 42 = 5*l. Suppose -27 + l = -o. What is the units digit of o?
7
Let v(y) be the third derivative of -y**5/60 - 3*y**4/8 + y**3/6 + 2*y**2. Let m be v(-8). Let o = m - 5. What is the units digit of o?
4
Let u(q) = -q**2 + 4*q - 1. Let j be u(3). Let s = -1 - j. Let a = s + 10. What is the units digit of a?
7
Suppose -5 = -2*y + 5. Let c be 70/y*2/4. Suppose p - c = -2*v, 10 = 3*p - 2*p + v. What is the units digit of p?
3
Suppose -4 = -3*a + a - r, 2*a - 4 = 3*r. Let l = a + 1. What is the units digit of l?
3
Let u = 15 + -12. Suppose -2*g + 0 = -14. Suppose u*f + t - g - 10 = 0, 0 = -5*f - 5*t + 35. What is the units digit of f?
5
Let g(s) = 2*s**2 + 6*s + 1. What is the tens digit of g(-5)?
2
Let y(r) be the third derivative of r**5/60 - r**4/6 + 4*r**3/3 + 8*r**2. What is the units digit of y(6)?
0
Let r(k) = -k**3 - 8*k**2 + 2. What is the units digit of r(-8)?
2
Suppose 147 = 2*k - n, 4*n + 255 = 4*k - 49. Suppose k = -3*b + 224. What is the units digit of b?
1
Let w = -62 - -91. Suppose 2 = n, x + 4*x = -2*n + w. Suppo